 divided by 29?
25
What is the remainder when 1575 is divided by 750?
75
Calculate the remainder when 337 is divided by 127.
83
Calculate the remainder when 18676 is divided by 3726.
46
Calculate the remainder when 20078 is divided by 19935.
143
Calculate the remainder when 41198 is divided by 3.
2
What is the remainder when 17570 is divided by 38?
14
Calculate the remainder when 377 is divided by 14.
13
Calculate the remainder when 94305 is divided by 18.
3
Calculate the remainder when 15709 is divided by 55.
34
What is the remainder when 31791 is divided by 1?
0
Calculate the remainder when 595764 is divided by 659.
28
Calculate the remainder when 18365 is divided by 164.
161
What is the remainder when 1140 is divided by 98?
62
Calculate the remainder when 4952 is divided by 116.
80
Calculate the remainder when 1704 is divided by 293.
239
What is the remainder when 144375 is divided by 28?
7
What is the remainder when 10765 is divided by 4?
1
What is the remainder when 14293 is divided by 181?
175
Calculate the remainder when 13886 is divided by 176.
158
Calculate the remainder when 320519 is divided by 6.
5
What is the remainder when 95378 is divided by 175?
3
What is the remainder when 17868 is divided by 4394?
292
What is the remainder when 24877 is divided by 167?
161
Calculate the remainder when 8218 is divided by 2588.
454
Calculate the remainder when 4935 is divided by 979.
40
Calculate the remainder when 2864 is divided by 135.
29
What is the remainder when 7149 is divided by 1713?
297
Calculate the remainder when 295301 is divided by 266.
41
Calculate the remainder when 27582 is divided by 209.
203
Calculate the remainder when 547028 is divided by 133.
132
What is the remainder when 90398 is divided by 25?
23
Calculate the remainder when 8093 is divided by 253.
250
Calculate the remainder when 24951 is divided by 15.
6
Calculate the remainder when 620 is divided by 113.
55
What is the remainder when 33106 is divided by 84?
10
Calculate the remainder when 14130 is divided by 3.
0
What is the remainder when 9665 is divided by 483?
5
Calculate the remainder when 10169 is divided by 167.
149
Calculate the remainder when 787967 is divided by 1216.
1215
What is the remainder when 1623 is divided by 203?
202
Calculate the remainder when 242252 is divided by 103.
99
What is the remainder when 72256 is divided by 19?
18
What is the remainder when 188202 is divided by 30?
12
What is the remainder when 60551 is divided by 2422?
1
What is the remainder when 393891 is divided by 32822?
27
What is the remainder when 2204 is divided by 734?
2
What is the remainder when 881543 is divided by 271?
251
Calculate the remainder when 454 is divided by 211.
32
Calculate the remainder when 23844 is divided by 993.
12
Calculate the remainder when 141800 is divided by 156.
152
Calculate the remainder when 3466 is divided by 266.
8
Calculate the remainder when 20147 is divided by 1842.
1727
Calculate the remainder when 5164 is divided by 556.
160
What is the remainder when 24147 is divided by 98?
39
What is the remainder when 14660 is divided by 43?
40
What is the remainder when 319503 is divided by 94?
91
Calculate the remainder when 42781 is divided by 15.
1
What is the remainder when 74400 is divided by 9?
6
Calculate the remainder when 1976 is divided by 1948.
28
What is the remainder when 4361 is divided by 87?
11
Calculate the remainder when 31513 is divided by 384.
25
What is the remainder when 4530305 is divided by 249?
248
What is the remainder when 4286 is divided by 4136?
150
What is the remainder when 2738 is divided by 225?
38
Calculate the remainder when 657 is divided by 157.
29
What is the remainder when 2246 is divided by 560?
6
Calculate the remainder when 7454 is divided by 2196.
866
Calculate the remainder when 51174 is divided by 1248.
6
Calculate the remainder when 75027 is divided by 37473.
81
What is the remainder when 187793 is divided by 18?
17
Calculate the remainder when 52502 is divided by 413.
51
Calculate the remainder when 139677 is divided by 97.
94
Calculate the remainder when 80820 is divided by 132.
36
What is the remainder when 16376 is divided by 164?
140
Calculate the remainder when 590805 is divided by 412.
409
Calculate the remainder when 4589 is divided by 2276.
37
Calculate the remainder when 16970 is divided by 479.
205
What is the remainder when 148039 is divided by 313?
303
Calculate the remainder when 170829 is divided by 746.
741
What is the remainder when 7328 is divided by 128?
32
Calculate the remainder when 1210 is divided by 12.
10
Calculate the remainder when 47122 is divided by 357.
355
Calculate the remainder when 721888 is divided by 53.
28
Calculate the remainder when 7025 is divided by 7017.
8
Calculate the remainder when 261754 is divided by 13087.
14
Calculate the remainder when 123175 is divided by 712.
711
What is the remainder when 4594 is divided by 1681?
1232
What is the remainder when 27052 is divided by 530?
22
Calculate the remainder when 419545 is divided by 109.
4
Calculate the remainder when 68116 is divided by 150.
16
Calculate the remainder when 16813 is divided by 2629.
1039
Calculate the remainder when 104600 is divided by 902.
870
Calculate the remainder when 353063 is divided by 28.
11
Calculate the remainder when 69201 is divided by 8648.
17
What is the remainder when 749396 is divided by 25?
21
Calculate the remainder when 68588 is divided by 3810.
8
What is the remainder when 5340 is divided by 1737?
129
Calculate the remainder when 23113 is divided by 51.
10
What is the remainder when 2831 is divided by 679?
115
Calculate the remainder when 8463 is divided by 2114.
7
Calculate the remainder when 434 is divided by 66.
38
What is the remainder when 37691 is divided by 18841?
9
Calculate the remainder when 10240 is divided by 251.
200
What is the remainder when 1009 is divided by 428?
153
Calculate the remainder when 184835 is divided by 20534.
29
What is the remainder when 60304 is divided by 15?
4
Calculate the remainder when 3014 is divided by 888.
350
Calculate the remainder when 20530 is divided by 6819.
73
Calculate the remainder when 1619 is divided by 462.
233
Calculate the remainder when 21304 is divided by 169.
10
Calculate the remainder when 358 is divided by 342.
16
Calculate the remainder when 37288 is divided by 33.
31
Calculate the remainder when 162702 is divided by 54231.
9
What is the remainder when 930228 is divided by 685?
683
What is the remainder when 2142 is divided by 54?
36
What is the remainder when 5194 is divided by 532?
406
Calculate the remainder when 66994 is divided by 7.
4
What is the remainder when 16711 is divided by 8323?
65
What is the remainder when 205606 is divided by 51400?
6
Calculate the remainder when 1043623 is divided by 25.
23
What is the remainder when 693299 is divided by 50?
49
Calculate the remainder when 5378 is divided by 1657.
407
Calculate the remainder when 171247 is divided by 85612.
23
Calculate the remainder when 394950 is divided by 741.
738
What is the remainder when 2702 is divided by 16?
14
Calculate the remainder when 332763 is divided by 5455.
8
Calculate the remainder when 405644 is divided by 324.
320
What is the remainder when 67906 is divided by 1476?
10
What is the remainder when 280655 is divided by 39?
11
What is the remainder when 238563 is divided by 139?
39
Calculate the remainder when 14847 is divided by 1142.
1
What is the remainder when 364239 is divided by 20?
19
Calculate the remainder when 119560 is divided by 727.
332
What is the remainder when 11685 is divided by 237?
72
Calculate the remainder when 479385 is divided by 273.
270
What is the remainder when 23163 is divided by 965?
3
What is the remainder when 39226 is divided by 44?
22
What is the remainder when 1869821 is divided by 16?
13
Calculate the remainder when 98656 is divided by 10.
6
What is the remainder when 675 is divided by 131?
20
What is the remainder when 1262258 is divided by 139?
138
What is the remainder when 94188 is divided by 131?
130
What is the remainder when 18150 is divided by 2267?
14
What is the remainder when 125232 is divided by 133?
79
Calculate the remainder when 23867 is divided by 2169.
8
What is the remainder 